 2*y = -2*u + 12530, -3*y - 50105 = 4*u. Let j = 2921 + u. Is (20/30)/((-6)/j + 0) composite?
True
Let f(t) = -23*t**3 - 8*t**2 + 2*t - 2. Let k(v) = -10*v + 44. Let a be k(5). Is f(a) prime?
False
Let h = -7492 + 12537. Is h prime?
False
Let j(z) = 82*z**3 - 3*z**2 + z + 1. Suppose -3*a = -3*s + 102, 2*s = 3*s - 4*a - 31. Let v = s + -33. Is j(v) a composite number?
False
Let f(l) = 369*l**2 + 13*l + 99. Is f(-13) composite?
True
Suppose -63*l + 75*l - 33540 = 0. Let n = l - -10602. Is n a prime number?
True
Let a be -2*((-2)/1 + 1). Suppose -a*x - 5*t + 23 = 0, 5*x - 2*t - 17 = -t. Suppose -x*s = -1093 - 991. Is s composite?
False
Let z = 0 + 8. Let v(a) = z - 11 + 14 - 110*a. Is v(-4) a composite number?
True
Let t be -3 - 20*(-6)/4. Let n = 58 + t. Suppose 0 = -3*m + 4*m - n. Is m a prime number?
False
Let j be (5 + -3)*(-30)/(-12). Suppose 5*r = 6*r - l - 907, -j*r - l = -4535. Is r a composite number?
False
Suppose 0 = 5*s - q - 262446, -158967 - 50991 = -4*s + 2*q. Is s a prime number?
True
Let t be (-3 - -2) + 1*232. Let j = -798 + 726. Let r = j + t. Is r composite?
True
Is 3*((-3 - (-5)/2) + (-1453109)/(-102)) composite?
False
Is 16/56 - 672957/(-7) prime?
True
Let a be -119*5 + 1 + -2. Let g be a/12*-6*2*-1. Let u = 1043 + g. Is u a composite number?
True
Is 1*((-4829429)/(-8) + (-135)/(-360)) prime?
True
Let q be 3/12 - (29925/(-28) - -3). Let f = q - 735. Is f composite?
False
Suppose 5*d = -4*y + 468687, 0 = -y - 5*d + 8*d + 117142. Is y prime?
True
Suppose a + 0*a - 7 = -2*x, -24 = -3*x + 3*a. Suppose -x*f - 5 = -20. Suppose -4*m + 2*j + 3*j + 2149 = 0, 0 = -f*m - 2*j + 1629. Is m composite?
False
Suppose 11*x = -6*x + 51. Suppose -x = 22*j - 23*j. Suppose -2*a = -2*m - 1158, 2*m - 2881 = j*a - 8*a. Is a prime?
True
Suppose -18*o + a = -23*o + 63910, 3*a = 2*o - 25547. Is o prime?
True
Suppose 3*x + 7*u - 82497 = 4*u, 0 = -4*u. Suppose f - 19564 = -4*a + x, -2*f - 47066 = -4*a. Let l = -8379 + a. Is l prime?
False
Suppose 4*n + 139985 = 2*k + k, 3*n = 3*k - 139989. Is k prime?
False
Suppose -5*t + 488763 = 2*q, t + 5*q + 62190 = 159961. Is t a prime number?
False
Let y = -7391 + 74690. Is y a composite number?
True
Suppose -54 = -7*s - 19. Let o(r) = -7*r + 17. Let w be o(s). Is (-6)/w*-3*-1*629 a prime number?
False
Let n be (208868/(-5))/11 + 9/15. Let f = 7200 + n. Is f a composite number?
True
Let n(x) = x**2 - 5*x + 14. Let r be n(6). Suppose r*i = 13*i + 12607. Is i composite?
False
Is ((-1090788)/(-153))/((-12)/(-261)) a prime number?
False
Let q = -2225 + 17148. Is q a composite number?
False
Let a be (-6 - -2 - -1) + -12 + -1. Let u(c) = -238*c + 23. Is u(a) composite?
True
Is 385/(-308) - 76866/(-8) prime?
False
Suppose 1982*j - 1997366 = 1968*j. Is j a prime number?
False
Let u(t) = 64*t. Let b be u(1). Suppose -5*p + p - 4*y = 264, -p - 5*y - 54 = 0. Let o = b - p. Is o composite?
True
Is 60/45*((-264630)/(-8) - (-4 - -7)) prime?
True
Let b = -284 + 105. Let u be 12/(-18)*(2 + -59 + 0). Let t = u - b. Is t a composite number?
True
Let l = -634 + 630. Let i(r) = -5633*r - 9. Is i(l) a composite number?
True
Let l = 5335 + 7194. Suppose 59579 + 3010 = 5*p + y, p + 3*y - l = 0. Is p composite?
False
Suppose 6*h = -13067 - 33673. Let b = 1209 - h. Is b a prime number?
True
Let d(x) = x**3 + 5*x**2 - 3*x - 11. Let o be d(-5). Suppose 4*n + 7001 = o*k + 369, -2*k + 3311 = 3*n. Is k a prime number?
True
Suppose 32*x - 24*x = 9872. Suppose -2*s + 2800 = -x. Is s a prime number?
True
Let b(z) = 880*z**2 - z - 16. Is b(25) prime?
False
Suppose 0 = 30*n - 44*n + 91728. Suppose -3*w - n = -3*j, -8741 = -4*j + 9*w - 4*w. Is j prime?
True
Let v be (-46)/(-12) - 13/(-78). Suppose 3*z + 2*t = -0*z - 10024, v*z - 4*t = -13372. Let h = z + 4679. Is h a composite number?
True
Let l(m) be the first derivative of m**5/4 + 2*m**3 - 9*m**2/2 + 2*m - 12. Let g(n) be the first derivative of l(n). Is g(4) prime?
True
Suppose 4*r = -4*g - 56, -16 - 2 = 3*g - 3*r. Let b = g - -15. Suppose 218 = -3*z + b*z. Is z composite?
False
Let b be 240/110 - (-4)/(-22). Let p = 46 + -44. Is p*-1*((-307)/b + 4) prime?
False
Let g(p) = -21*p**3 - p**2 - 10*p + 2. Let h be g(3). Let s = h + 1583. Is s prime?
False
Suppose 5*f - 2692113 = l, -f + 765423 = -l + 227002. Is f prime?
True
Let z(b) = 5 + 409*b - 21 - 26. Let s be z(18). Suppose 2*g = -5*x + s, 0 = -2*g + 3*g - 5*x - 3675. Is g a prime number?
False
Suppose -4*v = 5*i + 234 + 415, 3*v = -3*i - 390. Let w be (-5)/((-45)/2) + i/(-27). Suppose -592 = -4*b + 4*z - 6*z, -4*z - 753 = -w*b. Is b prime?
True
Suppose -5262183 = 70*o - 63*o - 178*o. Is o prime?
True
Is 311916 - -5*19/(-5) a prime number?
True
Is 134284/4 + -4 + -4 prime?
True
Let s = 34635 - 19234. Is s a prime number?
True
Suppose -3*l = -5*i - 11619, 4*l - 4*i = 2*l + 7750. Is l a prime number?
True
Suppose -63*i - 46*i + 41*i + 91983668 = 0. Is i a composite number?
True
Let r = -103 + 102. Let u(i) = -3778*i + 8. Let p be u(r). Is (-1)/(3/9 - 1268/p) prime?
True
Suppose 0 = -5*g + q + 914967, 548985 = 90*g - 87*g - 3*q. Is g a composite number?
True
Let q(k) = -4*k**3 + 35*k**2 + 66*k + 1141. Is q(-42) a composite number?
True
Is (-24)/42*-7*(-1)/16*-2005972 composite?
False
Let j be (-1)/(((-4)/8)/1). Suppose 2*a - 4*n + 116 = 0, 0 = 5*a + j*n + 2*n + 276. Let c = a - -1207. Is c prime?
True
Suppose 4*u = 3*u + 2671. Let r be 2*(0 + -2) + u + 2. Suppose -d = -3*d - 5*l + r, -5351 = -4*d + 3*l. Is d a composite number?
True
Suppose -b + 10823 = -4*a, 4*b + 4*a - 4201 - 39011 = 0. Suppose -6*s + f = -s - b, 5*s = 2*f + 10809. Is s prime?
True
Let t = -22 - -27. Suppose 0 = -p - 4*f + 32, -t*p + 4*f = -p - 108. Suppose 3*m = w + 138, m = w + p + 18. Is m prime?
False
Is (-392)/(-56) - ((3 - 3) + -130572) prime?
True
Let w(g) = 7*g - 28. Let z be w(1). Let m(f) = -490*f + 137. Is m(z) a composite number?
False
Suppose -7*x = -209911 - 137856. Is x composite?
False
Let p be 157196/104*(-1 + 5). Let q = 5391 + p. Is q a prime number?
True
Let o be (-16)/4*878/(-8). Suppose g - 2573 = -4*s, s + g - 189 = 452. Let d = s - o. Is d a prime number?
False
Let b(x) = 12*x**2 + 18*x - 83. Let j be b(13). Is j*1 - (9 + -16 + 7) a composite number?
False
Let x = 155159 - 42418. Is x a prime number?
True
Let c = -63 - -77. Suppose -46*o + c = -48*o. Is 39663/21 + (-2)/o a prime number?
True
Let o = 289766 + -127557. Is o prime?
True
Suppose -2*j + 1330 = 2*j + 2*q, 4*q = 12. Let p = j - -35. Suppose 7*g = p + 425. Is g a prime number?
True
Let k = -2293640 - -3542397. Is k a prime number?
True
Let u(h) = 2933*h - 16. Let y be u(12). Suppose 0*l + y = 20*l. Let b = -510 + l. Is b a composite number?
False
Suppose 0 = 3*l + 4*j - 367232 + 80806, -j = 5*l - 477371. Is l a prime number?
False
Is (12/3)/(100/135325) composite?
False
Let d = 5681 - 2086. Is d a composite number?
True
Suppose -6588839 = 15*t - 33*t - t. Is t composite?
True
Let q(y) = -1417*y**3 - 2*y**2 - 62*y - 13. Is q(-6) a prime number?
True
Is (-1)/(372490592/17737648 - 21) composite?
False
Let p = -21 - -11. Let y = p + 21. Suppose -2037 = -y*q + 8*q. Is q a prime number?
False
Is (3 - 44774)*((-32)/2 - -15) a composite number?
False
Let h(f) = 14306*f**3 - 182*f**2 - f + 3. Is h(2) composite?
True
Is 14034426/24 - 18/24 a prime number?
True
Let q = -9 - -14. Let d be 3357 - -9*(-6)/3. Suppose 0 = q*h + v - 2349 - d, 3 = v. Is h a prime number?
False
Is (2135/(-140))/(0 - -1)*(-15173 - -1) a composite number?
True
Suppose -25*r + 8*r + 34 = 0. Let l(z) = 1250*z**3 + z**2 + 3*z - 3. Is l(r) prime?
True
Suppose -2*k = -d + 12, 27 = d - 8*k + 3*k. Let c be (-9 + 16)/(2/d). Suppose -c*g + 3*g + 6551 = -5*b, -5*b = -5*g + 8190. Is g a composite number?
True
Is (67 - 65)/((-4)/(-7698)) prime?
False
Let f = -12643 + 24042. Is f a composite number?
False
Let m(w) = 2*w**2 + 72*w - 26. Let u be m(-22). Is (-71)/(-4 - 2562/u) a prime number?
False
Let q = -2104 - -1342. Let f be 41/(1 + q/765). Is 1/(-2) - f/(-34) a composite number?
False
Suppose -232 = c - 5*c. Let x = c + -53. Suppose -5*j = -x*w - 192 + 1332, w + 3*j - 208 = 0. Is w prime?
True
Let t(r) = 3327*r**2 + 5. Let o be t(2). Suppose 5*v - 3*l = 81580, 68292 + o = 5*v + 2*l. Is v composite?
False
Let c(i) = 932*i**2 + 6*i - 29. I